 18*t - 9. List the prime factors of s(-1).
101
Suppose -2*w - 5*z - 427 = 0, -5*w + 5*z - 28 = 952. Let x = w - -1271. What are the prime factors of x?
2, 5, 107
Suppose 0 = 2*n, -j - n = 4*j - 15175. Suppose 0*l - 5*l = -j. List the prime factors of l.
607
Let c = 69 - 68. Suppose -5*w + c + 9 = 0. What are the prime factors of 2/(w - 3) + 19?
17
Let x(c) = 10*c**3 - c**2 + 19*c + 2. Let o be x(6). List the prime factors of o/7*35/28.
2, 5
Let g be 3/(-3) + 3 + -3. What are the prime factors of (16/10 - (-2)/g)*-945?
2, 3, 7
Let w(l) = -4*l**3 - 6*l**2 + 24*l + 87. What are the prime factors of w(-13)?
7549
Let r(n) = -n**2 - 10*n - 2. Let z be r(-9). Suppose 156 = -z*h + 11*h. Let l = 13 + h. List the prime factors of l.
2, 13
Suppose 3*l + 71 = w + 53025, -88250 = -5*l - 5*w. List the prime factors of l.
19, 929
What are the prime factors of -4 - (3 + 5) - -4869?
3, 1619
Let n(l) = 6*l**2 - 25*l - 116. Let o be n(25). Suppose 20*v - 3*v = o. List the prime factors of v.
3, 59
Let i = 13097 + -7033. What are the prime factors of i?
2, 379
Let u(c) = 4*c**2 + 279*c - 327. What are the prime factors of u(-81)?
2, 3, 7, 79
Suppose b - 8240 = 712*v - 714*v, 0 = -3*b - 2*v + 24712. What are the prime factors of b?
2, 29, 71
Suppose -c + 33 - 34 = 0. Let s = 1 - c. Suppose 0*b - s*t = -4*b + 688, -3*b = -5*t - 530. What are the prime factors of b?
2, 5, 17
Let z = 6863 - -10480. List the prime factors of z.
3, 41, 47
Suppose 43998 = -5*m + 99562 + 69771. List the prime factors of m.
7, 3581
Let p(d) = 2*d**2 - 29*d - 18. Let k be p(15). Let v be 3/12 - ((-33)/12 - k). Suppose v = 44*l - 48*l + 56. What are the prime factors of l?
2, 7
Let a = 28317 + -8887. What are the prime factors of a?
2, 5, 29, 67
Let p be ((-858)/(-5)*-1)/((-20)/50). Suppose 23*z + p = 26*z. What are the prime factors of z?
11, 13
Suppose 0 = -22*w + 51472 + 216620. What are the prime factors of w?
2, 3, 677
Let k be ((-20)/(2/(-2)))/1. Let z(w) = -3*w**3 - 46*w**2 - 16*w - 6. Let d be z(-15). Let s = k + d. What are the prime factors of s?
29
Suppose 19 - 46 = -9*i. Suppose 3*z + 2*z = 4*q + 12, 9 = -3*z - i*q. Suppose 4*t + z*t - 100 = 0. What are the prime factors of t?
5
Let d(k) = 16*k**3 + 2*k**2 + 3*k + 2. Let x be (-33)/11 - (2 + -4 - -1). Let g be d(x). List the prime factors of 3/(9/g)*-3.
2, 31
Suppose 436 = -2*s - 1302. Let x = -436 - s. List the prime factors of x.
433
Let m(r) = -2*r**3 - 20*r**2 - 213*r - 24. List the prime factors of m(-14).
2, 31, 73
Let o(v) = -2001*v - 50. What are the prime factors of o(-6)?
2, 7, 61
Let i = 47 + -42. Suppose 0 = i*l + 4*l - 1746. List the prime factors of l.
2, 97
Let k(y) = 11*y - 12. Let m be k(1). What are the prime factors of m/(-10) - (-10227)/30?
11, 31
What are the prime factors of (21008 - -203) + (-2)/1?
127, 167
Suppose 0 = -4*o - 23 + 39. Suppose o*k - 3*j = -6, 0 = 4*k + 2*j - 3*j + 2. Suppose 3*b - 27 - 159 = k. What are the prime factors of b?
2, 31
Suppose 3*g + 14 = 2*y, -46 = -6*y + 4*y - 5*g. Suppose -y*q = -2181 - 9909. What are the prime factors of q?
2, 3, 5, 31
Let h(l) = 3*l**2 - 9*l + 13. Let g be h(6). Let w = g + -62. Suppose w*s = -4*d + 709, -2*s - d = 4*d - 270. List the prime factors of s.
5, 29
Suppose -3*i - 2*k + k = -8, -4*k - 4 = 0. Suppose 4*x - 1212 = 6*l - l, -i*x - 2*l = -932. What are the prime factors of x?
2, 7, 11
Let q = -8940 - -15769. List the prime factors of q.
6829
Suppose 0 = l + 2*f + 8, 6*l = 4*l - f - 4. Suppose 0 = 3*p - l*p. Suppose 3*v + v - 388 = p. List the prime factors of v.
97
Suppose 0 = 65*s + 75*s + 98995 - 473075. List the prime factors of s.
2, 167
Let h(u) = -2*u**3 + 8*u - 12. Let i be h(-6). Suppose 5*z - 85 + 35 = 0. Suppose 3*c = 3*n - 0*c - i, 0 = -2*c + z. List the prime factors of n.
3, 43
Suppose -a + 1374 = 3*t, 2*a - 2788 = -15*t + 17*t. Let f = a - 321. What are the prime factors of f?
2, 3, 89
Let t(m) = -19*m - 6. Let c be t(-6). Let k = 675 - 647. Suppose -8*v + c = -k. What are the prime factors of v?
17
Let u be 4*14/16*(15 + -11). Let y(t) = t + 0*t + 22 + 3*t + u*t. List the prime factors of y(8).
2, 83
Suppose -2*g - l + 129 = 0, 2*g + 5*l = -0*g + 109. What are the prime factors of (6/4)/(g/8710)?
3, 5, 13
Let k = 2991 - -177. Suppose -k = -10*a + 4*a. What are the prime factors of a?
2, 3, 11
Let g(k) = 917*k - 34. Let p be g(3). Suppose q = -5*a + 2713, -5*a + p = 33*q - 34*q. List the prime factors of a.
3, 181
Suppose 0*z - 2*z = -4*l + 458, 5*l = 4*z + 580. Let o = -220 - -174. Let f = o + l. What are the prime factors of f?
2, 3, 11
Let k(u) = -1370*u - 1751. List the prime factors of k(-12).
37, 397
Let h be 9/15 - (-230)/(-50). What are the prime factors of ((0 - h) + 154)/(8/52)?
13, 79
Let n = 109 + -162. Let b = n + 497. Suppose -4*a = -6*a + b. List the prime factors of a.
2, 3, 37
Suppose -87*p + 3*r + 281567 = -82*p, 2*p = -r + 112629. List the prime factors of p.
2, 37, 761
Let t(w) = -22*w + 320. Let d(v) = v. Let q(o) = -d(o) + t(o). List the prime factors of q(-11).
3, 191
Let m = -119 + 2. What are the prime factors of m/(-195) + -367*(-22)/10?
2, 101
Let w(s) = -40*s + 9*s - 45 - 950*s**2 + 953*s**2. What are the prime factors of w(22)?
5, 29
Let u(q) = 2*q**2 - 4*q + 128. Let w be u(0). List the prime factors of w/(-48) - 8/6 - -347.
7
Suppose -5*s - 10 = -3*s, -3*k = 3*s. Suppose -l - 413 = -w + 535, k*w = -5*l + 4730. What are the prime factors of w?
947
Let f be (84/(-8))/((-6)/4). Suppose f*x = 21 + 357. List the prime factors of x.
2, 3
Let p(g) = 72 - 234 + 0*g**2 + 7*g**2 - 6*g**2. List the prime factors of p(34).
2, 7, 71
Suppose 4*m + 4*j = 78184, 0 = -4*j - 59 + 71. What are the prime factors of m?
19543
Suppose 12 = 2*k - 0*r + 2*r, -2*k + 3*r + 2 = 0. Let v(d) = -k - 1 - 6*d + 8*d. What are the prime factors of v(7)?
3
Let t = -201 + 199. Let n(c) = -81*c - 52. List the prime factors of n(t).
2, 5, 11
List the prime factors of 13810*((28 - 29)*(-2)/(-4) - -1).
5, 1381
Suppose 696 = 8*s - 512. Let l be (68 + 3)/(1*(1 - 2)). Let p = s + l. List the prime factors of p.
2, 5
Suppose 2*r + 3*t = 9, -4*r + 5*t = -0*r + 15. Let v(s) = -s**2 - 2*s + 4. Let w be v(r). List the prime factors of (-2358)/45*(-10)/w.
131
Let r(h) = -117*h - 113. Let d(x) = x. Let w(b) = -d(b) + r(b). What are the prime factors of w(-12)?
1303
Suppose -6*f - 4*h = -149110, 3*f = 16*h - 19*h + 74550. What are the prime factors of f?
3, 5, 1657
Let k(f) = 204*f**3 + 7*f**2 - 15*f + 7. Let z(i) = -205*i**3 - 6*i**2 + 13*i - 6. Let a(x) = -5*k(x) - 6*z(x). List the prime factors of a(1).
11, 19
Suppose -110*x + 107200 + 833520 = 0. What are the prime factors of x?
2, 1069
Suppose 5*h + 3*t = 16, 0*h - 2*h = 2*t - 8. Suppose h*a = 2*f - 87 - 271, 5*f - 2*a - 886 = 0. Let p = f + -92. List the prime factors of p.
2, 3, 7
Let j be (0 + 12)/(6/3). Suppose j*r + 17 - 185 = 0. Suppose -r*p = -30*p + 168. List the prime factors of p.
2, 3, 7
Suppose 26*o = 375 + 4253. Let u = -11 - -7. What are the prime factors of o + (5 - (11 + u))?
2, 11
What are the prime factors of -287*(-390)/364*56?
2, 3, 5, 7, 41
Suppose -q = -5*u - 2058, 20*u = 4*q + 16*u - 8216. List the prime factors of q.
2053
Let k = -456 + 459. Suppose -p - k*p = -d + 733, -3*d + 5*p + 2227 = 0. List the prime factors of d.
7, 107
Suppose 9 = -4*b - 5*r, r = -3*b - 6 + 13. Suppose 0 = b*g - 2*g - 228. List the prime factors of g.
2, 3, 19
Suppose 0 = -9*y + 14*y + 450. Let p = -92 - y. List the prime factors of 198 + 5/5 - p.
3, 67
What are the prime factors of 10836 + 0 - (23 - 12)?
5, 433
Let n(w) = w**3 - 6. Let g be n(0). What are the prime factors of (-2)/g*1/((-2)/(-372))?
2, 31
Let g(s) = -s**3 + 33*s**2 - 80*s - 890. List the prime factors of g(-33).
2, 9203
Let s(z) = -34*z - 127. What are the prime factors of s(-35)?
1063
Let t = 0 - -4. Let j(k) = -6*k + 87. Let o be j(14). Suppose -o*n = -t - 38. What are the prime factors of n?
2, 7
Let d(o) = o**3 - 42*o**2 - 142*o - 145. List the prime factors of d(50).
5, 2551
Suppose -9*m = -7*m - 4*u + 32, 5*m - 3*u = -59. Suppose 0 = -32*n + 27*n - 10. What are the prime factors of m + 128 + (-3)/2*n?
11
Suppose -16*q + 17*q = 4*m - 1140, 2*m - 3380 = 3*q. What are the prime factors of q/(-9) + 4 + (-3)/(-27)?
3, 43
Let h(